 factor of 232 and 21135722?
58
Calculate the highest common factor of 3160 and 232111480.
3160
Calculate the greatest common factor of 30 and 3295830.
30
Calculate the highest common factor of 209610 and 3638.
34
Calculate the greatest common divisor of 60 and 27498795.
15
What is the greatest common divisor of 558915 and 189315?
105
What is the greatest common factor of 14 and 24322022?
2
Calculate the highest common factor of 198 and 7915809.
33
Calculate the greatest common divisor of 637273084 and 476.
476
What is the highest common divisor of 512013 and 342578?
103
Calculate the greatest common factor of 6886530 and 1260.
630
What is the greatest common factor of 48169748 and 3355?
671
Calculate the highest common factor of 442 and 2207518.
34
What is the highest common divisor of 42 and 962833578?
42
Calculate the greatest common factor of 91140 and 171740.
620
Calculate the greatest common divisor of 674705 and 3680.
115
What is the greatest common factor of 207 and 1448747?
23
Calculate the highest common factor of 145873780 and 40.
20
What is the greatest common factor of 1418 and 47682377?
709
Calculate the highest common factor of 749 and 10566571.
107
What is the greatest common factor of 15341 and 73313972?
667
Calculate the greatest common factor of 378439 and 305.
1
What is the highest common factor of 24978526 and 893?
47
Calculate the highest common divisor of 3564678 and 6578.
598
What is the highest common factor of 36068 and 167259?
127
Calculate the greatest common divisor of 3768 and 273096.
24
Calculate the highest common factor of 97512 and 645864.
408
What is the greatest common divisor of 625064942 and 43?
43
What is the greatest common factor of 10716573 and 14?
7
Calculate the greatest common divisor of 1932 and 14006448.
276
Calculate the greatest common factor of 16958592 and 1792.
896
What is the highest common divisor of 2158 and 27240668?
26
What is the highest common factor of 1595 and 1454035?
55
Calculate the highest common divisor of 164864870 and 10.
10
What is the highest common factor of 22831 and 229466?
289
What is the greatest common factor of 163225 and 23045?
5
Calculate the greatest common factor of 14787318 and 146.
146
What is the greatest common factor of 15289445 and 15?
5
Calculate the highest common divisor of 126576 and 138375.
27
Calculate the highest common divisor of 6139098 and 872.
218
What is the highest common factor of 1711 and 2172709?
29
What is the greatest common factor of 48 and 137342778?
6
Calculate the greatest common divisor of 1099 and 2483897.
157
What is the highest common factor of 164163441 and 3315?
663
What is the greatest common factor of 1724954 and 7084?
3542
What is the greatest common divisor of 6158432 and 61712?
2128
Calculate the highest common divisor of 1919145 and 93120.
1455
What is the highest common factor of 113 and 29953701?
113
What is the highest common divisor of 837 and 10464918?
93
Calculate the greatest common divisor of 86592 and 23843776.
704
Calculate the greatest common factor of 2799 and 217389933.
2799
What is the highest common factor of 1088 and 25305894?
34
What is the highest common factor of 7350315 and 735?
105
Calculate the greatest common factor of 131 and 21591.
1
What is the highest common factor of 20 and 2812468?
4
What is the greatest common divisor of 1331 and 1236983?
121
Calculate the greatest common divisor of 17799 and 478091.
17
Calculate the highest common factor of 469 and 927143.
7
What is the highest common factor of 41263796 and 896?
28
Calculate the highest common divisor of 534 and 318342.
6
Calculate the greatest common factor of 159429250 and 1250.
250
What is the highest common divisor of 11450 and 904850?
50
Calculate the highest common factor of 610 and 2359114.
122
Calculate the highest common divisor of 609 and 19338360.
87
What is the highest common divisor of 10341136 and 3856?
16
What is the greatest common divisor of 195150 and 58103961?
3903
What is the greatest common factor of 1371133 and 2157?
719
Calculate the highest common divisor of 33367867 and 338.
169
Calculate the highest common factor of 3180132 and 2124.
36
Calculate the highest common factor of 1105762294 and 728.
182
Calculate the highest common factor of 34121 and 15049.
149
Calculate the greatest common divisor of 2523978 and 9450.
18
What is the greatest common divisor of 370723483 and 1994?
997
What is the greatest common factor of 15637912 and 8?
8
Calculate the greatest common divisor of 47800 and 197230.
10
Calculate the greatest common divisor of 2808330 and 1905330.
9030
What is the highest common factor of 1800617 and 1974?
329
What is the greatest common factor of 128316348 and 684?
684
What is the greatest common factor of 21705963 and 282?
141
What is the greatest common divisor of 513761701 and 1198?
599
What is the greatest common factor of 12918 and 511763794?
4306
What is the greatest common factor of 62190288 and 51328?
6416
Calculate the greatest common factor of 10194 and 5322.
6
Calculate the highest common divisor of 6942 and 569056566.
6942
Calculate the greatest common factor of 203490 and 2686.
34
What is the greatest common divisor of 3186421 and 1029?
49
Calculate the highest common factor of 27183 and 1578008.
697
Calculate the greatest common factor of 29402 and 174338.
122
What is the highest common divisor of 1046 and 11202137?
523
What is the highest common factor of 31780375 and 2750?
1375
Calculate the highest common divisor of 558414 and 17496.
1458
What is the greatest common divisor of 137172 and 33971?
161
Calculate the greatest common factor of 2993235 and 8265.
435
Calculate the highest common divisor of 1224405 and 28539.
63
Calculate the greatest common divisor of 3458181 and 6811.
139
Calculate the greatest common factor of 6095 and 197160.
265
What is the highest common divisor of 11096085 and 2002?
1001
Calculate the highest common factor of 80788687 and 2723.
2723
What is the highest common factor of 31251004 and 47292?
2252
What is the highest common factor of 715 and 669931405?
715
Calculate the greatest common divisor of 2934 and 6365313.
1467
What is the highest common factor of 8058630 and 3870?
1290
Calculate the highest common factor of 867516 and 6240.
156
What is the highest common divisor of 87913239 and 7395?
1479
What is the highest common factor of 313168 and 14800?
592
What is the greatest common factor of 2442629 and 17871?
259
Calculate the highest common factor of 85144 and 22754.
734
Calculate the greatest common divisor of 60 and 13585356.
12
Calculate the greatest common factor of 715 and 237837171.
143
What is the greatest common divisor of 76742197 and 133?
133
Calculate the greatest common divisor of 6 and 5498306.
2
Calculate the greatest common factor of 721239825 and 75.
75
What is the highest common factor of 1880623775 and 50?
25
What is the highest common factor of 34 and 86138048?
34
What is the greatest common factor of 281333682 and 14?
14
What is the greatest common divisor of 30063198 and 13398?
1914
Calculate the highest common factor of 5062020 and 435.
15
Calculate the greatest common factor of 42 and 3254230.
14
What is the greatest common factor of 1180 and 291530?
10
What is the greatest common factor of 34272647 and 669?
223
What is the highest common divisor of 203998950 and 1350?
450
Calculate the highest common factor of 1305862549 and 557.
557
Calculate the highest common factor of 104 and 110179511.
13
What is the greatest common factor of 1188843 and 782280?
159
Calculate the highest common divisor of 286 and 12924197.
143
What is the highest common divisor of 261091 and 1256?
157
What is the greatest common divisor of 17664736 and 2208?
736
Calculate the highest common divisor of 132 and 169762164.
132
Calculate the greatest common factor of 15952838 and 15752.
3938
Calculate the greatest common divisor of 8480360 and 5216.
8
Calculate the highest common factor of 165551738 and 96272.
12034
Calculate the highest common divisor of 90873332 and 22.
22
What is the greatest common divisor of 8364 and 18842370?
246
Calculate the highest common divisor of 50 and 314203325.
25
Calculate the greatest common factor of 74 and 1880377.
37
What is the 